{"id":41,"date":"2018-11-13T20:24:43","date_gmt":"2018-11-13T20:24:43","guid":{"rendered":"http:\/\/petri-sicherheitstechnik.de\/?page_id=41"},"modified":"2021-02-04T13:11:52","modified_gmt":"2021-02-04T13:11:52","slug":"ueber-uns","status":"publish","type":"page","link":"https:\/\/petri-sicherheitstechnik.de\/?page_id=41","title":{"rendered":"\u00dcber Uns"},"content":{"rendered":"\n<p><\/p>\n\n\n\n<figure class=\"wp-block-image size-large\"><img loading=\"lazy\" decoding=\"async\" width=\"611\" height=\"251\" src=\"http:\/\/petri-sicherheitstechnik.de\/wp-content\/uploads\/2021\/02\/LOGO-PETRI.jpg\" alt=\"\" class=\"wp-image-391\" srcset=\"https:\/\/petri-sicherheitstechnik.de\/wp-content\/uploads\/2021\/02\/LOGO-PETRI.jpg 611w, https:\/\/petri-sicherheitstechnik.de\/wp-content\/uploads\/2021\/02\/LOGO-PETRI-300x123.jpg 300w\" sizes=\"auto, (max-width: 611px) 100vw, 611px\" \/><\/figure>\n\n\n\n<p class=\"has-text-align-center\">Unser Unternehmen ist VdS-anerkannter Facherrichter f\u00fcr Einbruchmeldeanlagen und Brandmeldeanlagen nach DIN 14675 zertifiziert.<\/p>\n\n\n\n<p>Nach langj\u00e4hriger Berufserfahrung als Verantwortliche Person, Betriebsleiter und Ausbildungsmeister, haben ich mich zusammen mit meiner Ehefrau entschieden einen eigenen Betrieb zu Gr\u00fcnden. Im Vordergrund steht f\u00fcr uns die vertrauensvolle Zusammenarbeit mit unseren Kunden, egal ob Privatleute oder gro\u00dfes Unternehmen. Durch den starken Zuspruch unserer Kunden, erh\u00f6hte sich unser Leistungsspektrum von Alarm-\/ und Brandmeldeanlagen um Videosysteme, Zutrittskontrolle und Rauchw\u00e4rmeabzugsanlagen. <\/p>\n\n\n\n<p>Ein weiterer Leistungszweig wurde erschlossen, um unseren Kunden Sicherheitstechnik aus einer Hand zu liefern. Daher bieten wir auch die Lieferung und Wartung von Feuerl\u00f6schger\u00e4ten und Brandschutzt\u00fcren an. <\/p>\n\n\n\n<p>Um unsere gewohnt hohe Qualit\u00e4t aufrecht zu erhalten wenden wir ein Qualit\u00e4tsmanagement nach DIN ISO 9001 an und legen unser Augenmerk auf die qualifizierte Schulung unserer Mitarbeiter.<\/p>\n\n\n\n<p>Neben aller Sicherheitsaspekte stehen zus\u00e4tzlich die Wirtschaftlichkeit und einfache Bedienbarkeit unserer Systeme im Fokus. <\/p>\n\n\n\n<p>Dar\u00fcber hinaus ist unser Anliegen, das alle unsere Produkte so wartungs- und st\u00f6rungsfrei wie m\u00f6glich arbeiten. <\/p>\n\n\n\n<p>Aus diesem Grunde setzen wir nur Premiumprodukte ein, die diesen, unseren Standard entsprechen. Gerne \u00fcberzeugen wir Sie, das sich diese Entscheidung in Preis und Leistung positiv auswirkt.<\/p>\n\n\n\n<p>In der Vergangenheit haben wir uns entschieden, eine St\u00fctzpunktpartnerschaft mit der Fa. Telenot einzugehen, und im Bereich Brandmeldeanlagen sind wir 100Pro Brandschutzpartner der Fa. Hekatron. <\/p>\n\n\n\n<p>Beide Hersteller stehen f\u00fcr h\u00f6chste Qualit\u00e4t und Zuverl\u00e4ssigkeit.<\/p>\n\n\n\n<div class=\"wp-block-image\"><figure class=\"aligncenter size-large is-resized\"><img loading=\"lazy\" decoding=\"async\" src=\"https:\/\/petri-sicherheitstechnik.de\/wp-content\/uploads\/2021\/02\/Familienunternehmen-767x1024.jpg\" alt=\"\" class=\"wp-image-356\" width=\"287\" height=\"383\" srcset=\"https:\/\/petri-sicherheitstechnik.de\/wp-content\/uploads\/2021\/02\/Familienunternehmen-767x1024.jpg 767w, https:\/\/petri-sicherheitstechnik.de\/wp-content\/uploads\/2021\/02\/Familienunternehmen-225x300.jpg 225w, https:\/\/petri-sicherheitstechnik.de\/wp-content\/uploads\/2021\/02\/Familienunternehmen-768x1025.jpg 768w, https:\/\/petri-sicherheitstechnik.de\/wp-content\/uploads\/2021\/02\/Familienunternehmen-1150x1536.jpg 1150w, https:\/\/petri-sicherheitstechnik.de\/wp-content\/uploads\/2021\/02\/Familienunternehmen-1534x2048.jpg 1534w, https:\/\/petri-sicherheitstechnik.de\/wp-content\/uploads\/2021\/02\/Familienunternehmen-scaled.jpg 1917w\" sizes=\"auto, (max-width: 287px) 100vw, 287px\" \/><figcaption><strong>Ihre Sicherheit liegt uns pers\u00f6nlich am Herzen.<\/strong><br>Dirk und Andrea Petri<strong> <\/strong><\/figcaption><\/figure><\/div>\n\n\n\n<p><\/p>\n","protected":false},"excerpt":{"rendered":"<p>Unser Unternehmen ist VdS-anerkannter Facherrichter f\u00fcr Einbruchmeldeanlagen und Brandmeldeanlagen nach DIN 14675 zertifiziert. Nach langj\u00e4hriger Berufserfahrung als Verantwortliche Person, Betriebsleiter und Ausbildungsmeister, haben ich mich zusammen mit meiner Ehefrau entschieden einen eigenen Betrieb zu Gr\u00fcnden. Im Vordergrund steht f\u00fcr uns die vertrauensvolle Zusammenarbeit mit unseren Kunden, egal ob Privatleute oder gro\u00dfes Unternehmen. Durch den starken &hellip; <\/p>\n<p class=\"link-more\"><a href=\"https:\/\/petri-sicherheitstechnik.de\/?page_id=41\" class=\"more-link\"><span class=\"screen-reader-text\">\u201e\u00dcber Uns\u201c<\/span> weiterlesen<\/a><\/p>\n","protected":false},"author":1,"featured_media":0,"parent":0,"menu_order":0,"comment_status":"closed","ping_status":"closed","template":"","meta":{"footnotes":""},"class_list":["post-41","page","type-page","status-publish","hentry"],"_links":{"self":[{"href":"https:\/\/petri-sicherheitstechnik.de\/index.php?rest_route=\/wp\/v2\/pages\/41","targetHints":{"allow":["GET"]}}],"collection":[{"href":"https:\/\/petri-sicherheitstechnik.de\/index.php?rest_route=\/wp\/v2\/pages"}],"about":[{"href":"https:\/\/petri-sicherheitstechnik.de\/index.php?rest_route=\/wp\/v2\/types\/page"}],"author":[{"embeddable":true,"href":"https:\/\/petri-sicherheitstechnik.de\/index.php?rest_route=\/wp\/v2\/users\/1"}],"replies":[{"embeddable":true,"href":"https:\/\/petri-sicherheitstechnik.de\/index.php?rest_route=%2Fwp%2Fv2%2Fcomments&post=41"}],"version-history":[{"count":6,"href":"https:\/\/petri-sicherheitstechnik.de\/index.php?rest_route=\/wp\/v2\/pages\/41\/revisions"}],"predecessor-version":[{"id":414,"href":"https:\/\/petri-sicherheitstechnik.de\/index.php?rest_route=\/wp\/v2\/pages\/41\/revisions\/414"}],"wp:attachment":[{"href":"https:\/\/petri-sicherheitstechnik.de\/index.php?rest_route=%2Fwp%2Fv2%2Fmedia&parent=41"}],"curies":[{"name":"wp","href":"https:\/\/api.w.org\/{rel}","templated":true}]}}