{"id":29,"date":"2018-11-13T20:23:27","date_gmt":"2018-11-13T20:23:27","guid":{"rendered":"http:\/\/petri-sicherheitstechnik.de\/?page_id=29"},"modified":"2023-05-27T12:32:07","modified_gmt":"2023-05-27T12:32:07","slug":"einbruchmeldeanlage","status":"publish","type":"page","link":"https:\/\/petri-sicherheitstechnik.de\/?page_id=29","title":{"rendered":"Alarm- und         Einbruchmeldeanlage"},"content":{"rendered":"\n<div class=\"wp-block-group\"><div class=\"wp-block-group__inner-container is-layout-flow wp-block-group-is-layout-flow\">\n<figure class=\"wp-block-image size-large\"><img loading=\"lazy\" decoding=\"async\" width=\"1024\" height=\"768\" src=\"https:\/\/petri-sicherheitstechnik.de\/wp-content\/uploads\/2023\/05\/Max-Planck-Strasse-2-1-1024x768.jpg\" alt=\"\" class=\"wp-image-554\" srcset=\"https:\/\/petri-sicherheitstechnik.de\/wp-content\/uploads\/2023\/05\/Max-Planck-Strasse-2-1-1024x768.jpg 1024w, https:\/\/petri-sicherheitstechnik.de\/wp-content\/uploads\/2023\/05\/Max-Planck-Strasse-2-1-300x225.jpg 300w, https:\/\/petri-sicherheitstechnik.de\/wp-content\/uploads\/2023\/05\/Max-Planck-Strasse-2-1-768x576.jpg 768w, https:\/\/petri-sicherheitstechnik.de\/wp-content\/uploads\/2023\/05\/Max-Planck-Strasse-2-1-1536x1152.jpg 1536w, https:\/\/petri-sicherheitstechnik.de\/wp-content\/uploads\/2023\/05\/Max-Planck-Strasse-2-1-2048x1536.jpg 2048w\" sizes=\"auto, (max-width: 706px) 89vw, (max-width: 767px) 82vw, 740px\" \/><figcaption class=\"wp-element-caption\">Fachkompetenz durch \u00fcber 20 Jahre Berufserfahrung<\/figcaption><\/figure>\n\n\n\n<p class=\"uppercase\"><strong>Zuverl\u00e4ssiger Premiumschutz<\/strong> durch ausschlie\u00dflich VdS-anerkannte Produkte.<\/p>\n\n\n\n<h2 class=\"wp-block-heading\">F\u00fcr Objekte aller Art<\/h2>\n\n\n\n<p>Egal, ob Ein- oder Mehrfamilienh\u00e4user, Kleingewerbe, Verkaufs- und Ladenr\u00e4ume, Lagerhallen oder komplexe Industriegeb\u00e4ude \u2013 mit uns haben Sie einen Partner der dieses Sicherheitsbed\u00fcrfnis f\u00fcr Sie analysiert und qualifiziert umsetzt.<\/p>\n\n\n\n<p>Jedes Geb\u00e4ude braucht seine <strong>eigene<\/strong> Sicherheitsl\u00f6sung.<\/p>\n\n\n\n<p class=\"has-text-align-center\"><em>So geht es beispielsweise bei Privatkunden oft darum, Sicherheitstechnik mit Energiemanagement und Komfort zu verbinden.<\/em><\/p>\n\n\n\n<p>Durch eine <strong>optimale<\/strong> Sicherheitsl\u00f6sungen sorgen wir daf\u00fcr, dass Sie in Ihrer Wohnung oder Haus, sowie Ihrem Gewerbe bestens gesch\u00fctzt sind.<\/p>\n\n\n<div class=\"wp-block-image\">\n<figure class=\"alignright size-large\"><img loading=\"lazy\" decoding=\"async\" width=\"1024\" height=\"683\" src=\"http:\/\/petri-sicherheitstechnik.de\/wp-content\/uploads\/2021\/02\/cryplock_RFID-Leser_in-der-Anwendung_1-1024x683.jpg\" alt=\"\" class=\"wp-image-265\" srcset=\"https:\/\/petri-sicherheitstechnik.de\/wp-content\/uploads\/2021\/02\/cryplock_RFID-Leser_in-der-Anwendung_1-1024x683.jpg 1024w, https:\/\/petri-sicherheitstechnik.de\/wp-content\/uploads\/2021\/02\/cryplock_RFID-Leser_in-der-Anwendung_1-300x200.jpg 300w, https:\/\/petri-sicherheitstechnik.de\/wp-content\/uploads\/2021\/02\/cryplock_RFID-Leser_in-der-Anwendung_1-768x512.jpg 768w\" sizes=\"auto, (max-width: 706px) 89vw, (max-width: 767px) 82vw, 740px\" \/><figcaption class=\"wp-element-caption\">Fotoquelle: Telenot Alarmsysteme<\/figcaption><\/figure><\/div>\n\n\n<p>Dadurch <strong>minimieren<\/strong> wir f\u00fcr Sie das Risiko der Sch\u00e4den aller Art,<\/p>\n\n\n\n<p>ob durch Einbrecher, durch Brand oder h\u00f6here Gewalt.<\/p>\n\n\n\n<p>Denn eine Vielzahl&nbsp; Ihrer Werte und pers\u00f6nlichen Gegenst\u00e4nde sind&nbsp; <strong>unersetzlich<\/strong><\/p>\n\n\n\n<p>oder nur mit einer Versicherungssumme aufzuwiegen.<\/p>\n\n\n\n<p>Durch die <strong>professionelle<\/strong> Installation von mechanischer Sicherung,<\/p>\n\n\n\n<p>Einbruch- und Brandmeldeanlagen,<\/p>\n\n\n\n<p>bieten wir unseren Privat-\/ und Gewerbekunden<\/p>\n\n\n\n<p><strong>Sicherheit auf h\u00f6chstem Niveau<\/strong>.<\/p>\n\n\n\n<figure class=\"wp-block-image\"><img loading=\"lazy\" decoding=\"async\" width=\"3543\" height=\"2362\" src=\"http:\/\/petri-sicherheitstechnik.de\/wp-content\/uploads\/2021\/02\/App-BuildSec-40-in-der-Anwendung-Garagentor.jpg\" alt=\"\" class=\"wp-image-276\" srcset=\"https:\/\/petri-sicherheitstechnik.de\/wp-content\/uploads\/2021\/02\/App-BuildSec-40-in-der-Anwendung-Garagentor.jpg 3543w, https:\/\/petri-sicherheitstechnik.de\/wp-content\/uploads\/2021\/02\/App-BuildSec-40-in-der-Anwendung-Garagentor-300x200.jpg 300w, https:\/\/petri-sicherheitstechnik.de\/wp-content\/uploads\/2021\/02\/App-BuildSec-40-in-der-Anwendung-Garagentor-768x512.jpg 768w, https:\/\/petri-sicherheitstechnik.de\/wp-content\/uploads\/2021\/02\/App-BuildSec-40-in-der-Anwendung-Garagentor-1024x683.jpg 1024w\" sizes=\"auto, (max-width: 706px) 89vw, (max-width: 767px) 82vw, 740px\" \/><figcaption class=\"wp-element-caption\">Fotoquelle: Telenot Alarmsysteme<\/figcaption><\/figure>\n\n\n\n<p class=\"has-text-align-right\">Bei <strong>B\u00fcro<\/strong>&#8211; und <strong>Industriegeb\u00e4uden<\/strong> kommt es besonders auf den Schutz<\/p>\n\n\n\n<p class=\"has-text-align-right\">sensibler Kundendaten und Schwachstellen wie den EDV-Bereich an.<\/p>\n\n\n\n<p class=\"has-text-align-right\">Im Handel m\u00fcssen Rolltore, Ladebuchten sowie Shop-In-Shop-Bereiche<\/p>\n\n\n\n<p class=\"has-text-align-right\">in hohem Ma\u00dfe gesch\u00fctzt werden.<\/p>\n\n\n\n<p class=\"has-text-align-right\">F\u00fcr diese F\u00e4lle gibt es ebenfalls genau die <strong>passende Sicherheitstechnik.<\/strong><\/p>\n\n\n\n<figure class=\"wp-block-image\"><img loading=\"lazy\" decoding=\"async\" width=\"3000\" height=\"2000\" src=\"http:\/\/petri-sicherheitstechnik.de\/wp-content\/uploads\/2021\/02\/BT801-mit-Design-Rahmen.jpg\" alt=\"\" class=\"wp-image-273\" srcset=\"https:\/\/petri-sicherheitstechnik.de\/wp-content\/uploads\/2021\/02\/BT801-mit-Design-Rahmen.jpg 3000w, https:\/\/petri-sicherheitstechnik.de\/wp-content\/uploads\/2021\/02\/BT801-mit-Design-Rahmen-300x200.jpg 300w, https:\/\/petri-sicherheitstechnik.de\/wp-content\/uploads\/2021\/02\/BT801-mit-Design-Rahmen-768x512.jpg 768w, https:\/\/petri-sicherheitstechnik.de\/wp-content\/uploads\/2021\/02\/BT801-mit-Design-Rahmen-1024x683.jpg 1024w\" sizes=\"auto, (max-width: 706px) 89vw, (max-width: 767px) 82vw, 740px\" \/><figcaption class=\"wp-element-caption\">Fotoquelle: Telenot Alarmsysteme<\/figcaption><\/figure>\n\n\n\n<h2 class=\"wp-block-heading\">&nbsp;Kundenzufriedenheit ist unser h\u00f6chstes Gebot.<\/h2>\n<\/div><\/div>\n\n\n\n<p>Daher f\u00fchren wir gerne einen Kostenlosen Sicherheitscheck vor Ort durch und passen die Sicherheitstechnik auf Ihre Bed\u00fcrfnisse ma\u00dfgeschneidert an. <\/p>\n\n\n\n<p>Die <strong>Petri Sicherheitstechnik GmbH<\/strong> liefert maximale Qualit\u00e4t f\u00fcr maximale Sicherheit. <\/p>\n\n\n\n<p>Daher liefern wir Ihnen ausschlie\u00dflich zertifizierte Einbruchmeldeanlagen. <\/p>\n\n\n\n<p>Deren modulare Bauweise eine Anpassung nach Ihren individuellen Anspr\u00fcchen erlaubt ohne die Wirtschaftlichkeit aus dem Auge zu verlieren.<\/p>\n\n\n\n<p>Zus\u00e4tzlich steht die einfache Bedienbarkeit im Vordergrund.<\/p>\n\n\n\n<p>Mit meinen \u00fcber 25 Jahren Berufserfahrung stehe ich Ihnen gerne auch pers\u00f6nlich zur Verf\u00fcgung. <\/p>\n\n\n\n<figure class=\"wp-block-image size-large is-resized\"><img loading=\"lazy\" decoding=\"async\" src=\"https:\/\/petri-sicherheitstechnik.de\/wp-content\/uploads\/2021\/02\/Profilbild-1.jpg\" alt=\"\" class=\"wp-image-331\" width=\"86\" height=\"106\" srcset=\"https:\/\/petri-sicherheitstechnik.de\/wp-content\/uploads\/2021\/02\/Profilbild-1.jpg 756w, https:\/\/petri-sicherheitstechnik.de\/wp-content\/uploads\/2021\/02\/Profilbild-1-242x300.jpg 242w\" sizes=\"auto, (max-width: 86px) 100vw, 86px\" \/><figcaption class=\"wp-element-caption\">Dirk Petri Elektromeister<\/figcaption><\/figure>\n\n\n\n<p><\/p>\n","protected":false},"excerpt":{"rendered":"<p>Zuverl\u00e4ssiger Premiumschutz durch ausschlie\u00dflich VdS-anerkannte Produkte. F\u00fcr Objekte aller Art Egal, ob Ein- oder Mehrfamilienh\u00e4user, Kleingewerbe, Verkaufs- und Ladenr\u00e4ume, Lagerhallen oder komplexe Industriegeb\u00e4ude \u2013 mit uns haben Sie einen Partner der dieses Sicherheitsbed\u00fcrfnis f\u00fcr Sie analysiert und qualifiziert umsetzt. Jedes Geb\u00e4ude braucht seine eigene Sicherheitsl\u00f6sung. So geht es beispielsweise bei Privatkunden oft darum, Sicherheitstechnik mit &hellip; <\/p>\n<p class=\"link-more\"><a href=\"https:\/\/petri-sicherheitstechnik.de\/?page_id=29\" class=\"more-link\"><span class=\"screen-reader-text\">\u201eAlarm- und         Einbruchmeldeanlage\u201c<\/span> weiterlesen<\/a><\/p>\n","protected":false},"author":1,"featured_media":0,"parent":0,"menu_order":0,"comment_status":"closed","ping_status":"closed","template":"","meta":{"footnotes":""},"class_list":["post-29","page","type-page","status-publish","hentry"],"_links":{"self":[{"href":"https:\/\/petri-sicherheitstechnik.de\/index.php?rest_route=\/wp\/v2\/pages\/29","targetHints":{"allow":["GET"]}}],"collection":[{"href":"https:\/\/petri-sicherheitstechnik.de\/index.php?rest_route=\/wp\/v2\/pages"}],"about":[{"href":"https:\/\/petri-sicherheitstechnik.de\/index.php?rest_route=\/wp\/v2\/types\/page"}],"author":[{"embeddable":true,"href":"https:\/\/petri-sicherheitstechnik.de\/index.php?rest_route=\/wp\/v2\/users\/1"}],"replies":[{"embeddable":true,"href":"https:\/\/petri-sicherheitstechnik.de\/index.php?rest_route=%2Fwp%2Fv2%2Fcomments&post=29"}],"version-history":[{"count":22,"href":"https:\/\/petri-sicherheitstechnik.de\/index.php?rest_route=\/wp\/v2\/pages\/29\/revisions"}],"predecessor-version":[{"id":555,"href":"https:\/\/petri-sicherheitstechnik.de\/index.php?rest_route=\/wp\/v2\/pages\/29\/revisions\/555"}],"wp:attachment":[{"href":"https:\/\/petri-sicherheitstechnik.de\/index.php?rest_route=%2Fwp%2Fv2%2Fmedia&parent=29"}],"curies":[{"name":"wp","href":"https:\/\/api.w.org\/{rel}","templated":true}]}}